{"id":24,"date":"2025-08-16T18:11:39","date_gmt":"2025-08-16T18:11:39","guid":{"rendered":"https:\/\/elily.com.pl\/?page_id=24"},"modified":"2025-08-17T10:25:33","modified_gmt":"2025-08-17T10:25:33","slug":"strona-domowa","status":"publish","type":"page","link":"https:\/\/elily.com.pl\/","title":{"rendered":"Strona domowa"},"content":{"rendered":"\n<div class=\"wp-block-group alignwide\" style=\"margin-top:0px;margin-bottom:0px\"><div class=\"wp-block-group__inner-container is-layout-constrained wp-block-group-is-layout-constrained\">\n<div style=\"height:100px;width:0px\" aria-hidden=\"true\" class=\"wp-block-spacer\"><\/div>\n\n\n\n<div class=\"wp-block-group\" style=\"margin-top:0px\"><div class=\"wp-block-group__inner-container is-layout-constrained wp-block-group-is-layout-constrained\">\n<div class=\"wp-block-columns alignwide are-vertically-aligned-center is-layout-flex wp-container-core-columns-is-layout-9d6595d7 wp-block-columns-is-layout-flex\">\n<div class=\"wp-block-column is-vertically-aligned-center is-layout-flow wp-block-column-is-layout-flow\">\n<div class=\"wp-block-cover is-light has-custom-content-position is-position-bottom-left\" style=\"min-height:724px;aspect-ratio:unset;\"><img fetchpriority=\"high\" decoding=\"async\" width=\"576\" height=\"1024\" class=\"wp-block-cover__image-background wp-image-48 size-large\" alt=\"\" src=\"https:\/\/elily.com.pl\/wp-content\/uploads\/2025\/08\/apple-3681316_1280-576x1024.jpg\" style=\"object-position:52% 17%\" data-object-fit=\"cover\" data-object-position=\"52% 17%\" srcset=\"https:\/\/elily.com.pl\/wp-content\/uploads\/2025\/08\/apple-3681316_1280-576x1024.jpg 576w, https:\/\/elily.com.pl\/wp-content\/uploads\/2025\/08\/apple-3681316_1280-600x1067.jpg 600w, https:\/\/elily.com.pl\/wp-content\/uploads\/2025\/08\/apple-3681316_1280-169x300.jpg 169w, https:\/\/elily.com.pl\/wp-content\/uploads\/2025\/08\/apple-3681316_1280.jpg 720w\" sizes=\"(max-width: 576px) 100vw, 576px\" \/><span aria-hidden=\"true\" class=\"wp-block-cover__background has-quaternary-background-color has-background-dim-20 has-background-dim\"><\/span><div class=\"wp-block-cover__inner-container is-layout-constrained wp-block-cover-is-layout-constrained\">\n<div class=\"wp-block-group\" style=\"padding-bottom:var(--wp--preset--spacing--x-small);padding-left:var(--wp--preset--spacing--x-small)\"><div class=\"wp-block-group__inner-container is-layout-constrained wp-container-core-group-is-layout-fe5cbb05 wp-block-group-is-layout-constrained\">\n<p class=\"has-text-align-left has-white-color has-text-color has-link-color has-small-font-size wp-elements-50b0ac77a9e2d09daa2f39d4f491deb5\">W\u0142asne owoce to du\u017ca rado\u015b\u0107 !<\/p>\n\n\n\n<h2 class=\"wp-block-heading has-white-color has-text-color has-link-color wp-elements-73efbc12c9d9ec18181f0ac8e96c2daf\">Drzewka owocowe<\/h2>\n\n\n\n<div class=\"wp-block-buttons is-layout-flex wp-block-buttons-is-layout-flex\" style=\"margin-top:var(--wp--preset--spacing--x-small)\">\n<div class=\"wp-block-button\"><a class=\"wp-block-button__link has-vivid-green-cyan-background-color has-background wp-element-button\">Kup teraz<\/a><\/div>\n<\/div>\n<\/div><\/div>\n<\/div><\/div>\n<\/div>\n\n\n\n<div class=\"wp-block-column is-vertically-aligned-center is-layout-flow wp-block-column-is-layout-flow\">\n<div class=\"wp-block-group is-vertical is-content-justification-stretch is-layout-flex wp-container-core-group-is-layout-b16ad781 wp-block-group-is-layout-flex\">\n<div class=\"wp-block-cover has-custom-content-position is-position-bottom-left\" style=\"min-height:350px;aspect-ratio:unset;\"><img decoding=\"async\" width=\"683\" height=\"1024\" class=\"wp-block-cover__image-background wp-image-45 size-large\" alt=\"\" src=\"https:\/\/elily.com.pl\/wp-content\/uploads\/2025\/08\/ChatGPT-Image-10-sie-2025-22_02_31-683x1024.png\" style=\"object-position:51% 0%\" data-object-fit=\"cover\" data-object-position=\"51% 0%\"\/><span aria-hidden=\"true\" class=\"wp-block-cover__background has-quaternary-background-color has-background-dim-20 has-background-dim\"><\/span><div class=\"wp-block-cover__inner-container is-layout-constrained wp-block-cover-is-layout-constrained\">\n<div class=\"wp-block-group\" style=\"padding-bottom:var(--wp--preset--spacing--x-small);padding-left:var(--wp--preset--spacing--x-small)\"><div class=\"wp-block-group__inner-container is-layout-constrained wp-container-core-group-is-layout-fe5cbb05 wp-block-group-is-layout-constrained\">\n<p class=\"has-text-align-left has-white-color has-text-color has-link-color has-small-font-size wp-elements-43c924cf592c24597b55c3ad515a9d0b\">Szlachetny element  ka\u017cdego ogrodu<\/p>\n\n\n\n<h2 class=\"wp-block-heading has-white-color has-text-color has-link-color wp-elements-cc2404e9a9042ec2f96bc3372446bda5\">Drzewka szczepione<\/h2>\n\n\n\n<div class=\"wp-block-buttons is-layout-flex wp-block-buttons-is-layout-flex\" style=\"margin-top:var(--wp--preset--spacing--x-small)\">\n<div class=\"wp-block-button\"><a class=\"wp-block-button__link has-vivid-green-cyan-background-color has-background wp-element-button\">Kup teraz<\/a><\/div>\n<\/div>\n<\/div><\/div>\n<\/div><\/div>\n\n\n\n<div class=\"wp-block-cover has-custom-content-position is-position-bottom-left\" style=\"min-height:350px;aspect-ratio:unset;\"><img decoding=\"async\" width=\"683\" height=\"1024\" class=\"wp-block-cover__image-background wp-image-51 size-large\" alt=\"\" src=\"https:\/\/elily.com.pl\/wp-content\/uploads\/2025\/08\/ChatGPT-Image-16-sie-2025-20_45_32-683x1024.png\" style=\"object-position:44% 80%\" data-object-fit=\"cover\" data-object-position=\"44% 80%\" srcset=\"https:\/\/elily.com.pl\/wp-content\/uploads\/2025\/08\/ChatGPT-Image-16-sie-2025-20_45_32-683x1024.png 683w, https:\/\/elily.com.pl\/wp-content\/uploads\/2025\/08\/ChatGPT-Image-16-sie-2025-20_45_32-600x900.png 600w, https:\/\/elily.com.pl\/wp-content\/uploads\/2025\/08\/ChatGPT-Image-16-sie-2025-20_45_32-200x300.png 200w, https:\/\/elily.com.pl\/wp-content\/uploads\/2025\/08\/ChatGPT-Image-16-sie-2025-20_45_32-768x1152.png 768w, https:\/\/elily.com.pl\/wp-content\/uploads\/2025\/08\/ChatGPT-Image-16-sie-2025-20_45_32.png 1024w\" sizes=\"(max-width: 683px) 100vw, 683px\" \/><span aria-hidden=\"true\" class=\"wp-block-cover__background has-quaternary-background-color has-background-dim-20 has-background-dim\"><\/span><div class=\"wp-block-cover__inner-container is-layout-constrained wp-block-cover-is-layout-constrained\">\n<div class=\"wp-block-group\" style=\"padding-bottom:var(--wp--preset--spacing--x-small);padding-left:var(--wp--preset--spacing--x-small)\"><div class=\"wp-block-group__inner-container is-layout-constrained wp-container-core-group-is-layout-fe5cbb05 wp-block-group-is-layout-constrained\">\n<p class=\"has-text-align-left has-white-color has-text-color has-link-color has-small-font-size wp-elements-e0f307e92eae668e961d1ddf645496cb\">By\u0107 mo\u017ce potrzebujesz co\u015b jeszcze?<\/p>\n\n\n\n<h2 class=\"wp-block-heading has-white-color has-text-color has-link-color wp-elements-49884cadb3f536c430a685b8ea719c5e\">R\u00f3\u017cne krzewy, trawy<\/h2>\n\n\n\n<div class=\"wp-block-buttons is-layout-flex wp-block-buttons-is-layout-flex\" style=\"margin-top:var(--wp--preset--spacing--x-small)\">\n<div class=\"wp-block-button\"><a class=\"wp-block-button__link has-vivid-green-cyan-background-color has-background wp-element-button\">Kup teraz<\/a><\/div>\n<\/div>\n<\/div><\/div>\n<\/div><\/div>\n<\/div>\n<\/div>\n<\/div>\n<\/div><\/div>\n\n\n\n<div style=\"height:109px;width:0px\" aria-hidden=\"true\" class=\"wp-block-spacer\"><\/div>\n<\/div><\/div>\n\n\n\n<div class=\"wp-block-columns is-layout-flex wp-container-core-columns-is-layout-9d6595d7 wp-block-columns-is-layout-flex\">\n<div class=\"wp-block-column is-layout-flow wp-block-column-is-layout-flow\" style=\"flex-basis:66.66%\">\n<div class=\"wp-block-columns is-layout-flex wp-container-core-columns-is-layout-9d6595d7 wp-block-columns-is-layout-flex\">\n<div class=\"wp-block-column is-layout-flow wp-block-column-is-layout-flow\">\n<h2 class=\"wp-block-heading has-luminous-vivid-amber-color has-text-color has-link-color has-x-large-font-size wp-elements-4fa5d221397690804d6fd9b9c44d5427\">Fajnie!<\/h2>\n<\/div>\n\n\n\n<div class=\"wp-block-column is-layout-flow wp-block-column-is-layout-flow\">\n<hr class=\"wp-block-separator has-alpha-channel-opacity\"\/>\n\n\n\n<p><\/p>\n\n\n\n<p class=\"has-text-align-center has-luminous-vivid-amber-color has-text-color has-link-color has-medium-font-size wp-elements-51db4358f639067b24eb79a91603a971\"><strong>Cieszymy si\u0119, \u017ce zawita\u0142e\u015b na Nasz\u0105 stron\u0119! Spokojnie popatrz, poklikaj, zapoznaj si\u0119. Mo\u017ce co\u015b przypadnie Ci do gustu?<\/strong><\/p>\n<\/div>\n<\/div>\n<\/div>\n\n\n\n<div class=\"wp-block-column is-vertically-aligned-bottom is-layout-flow wp-block-column-is-layout-flow\" style=\"flex-basis:33.33%\"><\/div>\n<\/div>\n\n\n\n<div class=\"wp-block-group\" style=\"padding-bottom:var(--wp--preset--spacing--large)\"><div class=\"wp-block-group__inner-container is-layout-constrained wp-block-group-is-layout-constrained\">\n<div class=\"wp-block-group\" style=\"margin-bottom:var(--wp--preset--spacing--small)\"><div class=\"wp-block-group__inner-container is-layout-constrained wp-block-group-is-layout-constrained\">\n<h2 class=\"wp-block-heading has-text-align-center\">Przyk\u0142ady oferty naszych drzewek<\/h2>\n\n\n\n<p class=\"has-text-align-center\">Poni\u017cej mo\u017cesz zobaczy\u0107 realne przyk\u0142ady drzewek jakie mamy w swojej ofercie!<\/p>\n<\/div><\/div>\n\n\n\n<div class=\"wp-block-columns is-layout-flex wp-container-core-columns-is-layout-5e620cd0 wp-block-columns-is-layout-flex\">\n<div class=\"wp-block-column is-layout-flow wp-block-column-is-layout-flow\">\n<div class=\"wp-block-cover has-custom-content-position is-position-bottom-center\" style=\"border-top-left-radius:16px;border-top-right-radius:16px;margin-top:0;margin-bottom:0;padding-top:0;padding-right:0;padding-bottom:0;padding-left:0;min-height:320px;aspect-ratio:unset;\"><img loading=\"lazy\" decoding=\"async\" width=\"230\" height=\"345\" class=\"wp-block-cover__image-background wp-image-45 size-full\" alt=\"\" src=\"https:\/\/elily.com.pl\/wp-content\/uploads\/2025\/08\/ChatGPT-Image-10-sie-2025-22_02_31-e1755369253639.png\" style=\"object-position:50% 17%\" data-object-fit=\"cover\" data-object-position=\"50% 17%\"\/><span aria-hidden=\"true\" class=\"wp-block-cover__background has-background-dim-0 has-background-dim\" style=\"background-color:#f8edda\"><\/span><div class=\"wp-block-cover__inner-container is-layout-constrained wp-container-core-cover-is-layout-f1253992 wp-block-cover-is-layout-constrained\">\n<div class=\"wp-block-group has-background\" style=\"background-color:#ffffffe3\"><div class=\"wp-block-group__inner-container is-layout-constrained wp-block-group-is-layout-constrained\">\n<h5 class=\"wp-block-heading has-text-align-center has-black-color has-text-color has-link-color wp-elements-ca73e78efc1973e841afbbd9e7f71d37\">\u015awierk szczepiony na pniu<\/h5>\n\n\n\n<h5 class=\"wp-block-heading has-text-align-center has-black-color has-text-color has-link-color wp-elements-bace7974ee3c9653bfb6e2fb5abc4aaf\">130,00z\u0142<\/h5>\n<\/div><\/div>\n<\/div><\/div>\n<\/div>\n\n\n\n<div class=\"wp-block-column is-layout-flow wp-block-column-is-layout-flow\">\n<div class=\"wp-block-cover has-custom-content-position is-position-bottom-center\" style=\"border-top-left-radius:16px;border-top-right-radius:16px;margin-top:0;margin-bottom:0;padding-top:0;padding-right:0;padding-bottom:0;padding-left:0;min-height:320px;aspect-ratio:unset;\"><img loading=\"lazy\" decoding=\"async\" width=\"683\" height=\"1024\" class=\"wp-block-cover__image-background wp-image-62 size-large\" alt=\"\" src=\"https:\/\/elily.com.pl\/wp-content\/uploads\/2025\/08\/Pinez-w-terrakotowej-donicy-na-tarasie-683x1024.png\" data-object-fit=\"cover\" srcset=\"https:\/\/elily.com.pl\/wp-content\/uploads\/2025\/08\/Pinez-w-terrakotowej-donicy-na-tarasie-683x1024.png 683w, https:\/\/elily.com.pl\/wp-content\/uploads\/2025\/08\/Pinez-w-terrakotowej-donicy-na-tarasie-600x900.png 600w, https:\/\/elily.com.pl\/wp-content\/uploads\/2025\/08\/Pinez-w-terrakotowej-donicy-na-tarasie-200x300.png 200w, https:\/\/elily.com.pl\/wp-content\/uploads\/2025\/08\/Pinez-w-terrakotowej-donicy-na-tarasie-768x1152.png 768w, https:\/\/elily.com.pl\/wp-content\/uploads\/2025\/08\/Pinez-w-terrakotowej-donicy-na-tarasie.png 1024w\" sizes=\"(max-width: 683px) 100vw, 683px\" \/><span aria-hidden=\"true\" class=\"wp-block-cover__background has-background-dim-0 has-background-dim\" style=\"background-color:#f8edda\"><\/span><div class=\"wp-block-cover__inner-container is-layout-constrained wp-container-core-cover-is-layout-f1253992 wp-block-cover-is-layout-constrained\">\n<div class=\"wp-block-group has-background\" style=\"background-color:#ffffffe3\"><div class=\"wp-block-group__inner-container is-layout-constrained wp-block-group-is-layout-constrained\">\n<h5 class=\"wp-block-heading has-text-align-center has-black-color has-text-color has-link-color wp-elements-b43038d4c8175e6e122b6df9c2f50760\">Kosodrzewina &#8211; 25,00z\u0142<\/h5>\n<\/div><\/div>\n<\/div><\/div>\n<\/div>\n\n\n\n<div class=\"wp-block-column is-layout-flow wp-block-column-is-layout-flow\">\n<div class=\"wp-block-cover is-light has-custom-content-position is-position-bottom-center\" style=\"border-top-left-radius:16px;border-top-right-radius:16px;margin-top:0;margin-bottom:0;padding-top:0;padding-right:0;padding-bottom:0;padding-left:0;min-height:320px;aspect-ratio:unset;\"><img loading=\"lazy\" decoding=\"async\" width=\"771\" height=\"1024\" class=\"wp-block-cover__image-background wp-image-162 size-large\" alt=\"\" src=\"https:\/\/elily.com.pl\/wp-content\/uploads\/2025\/08\/ad2te2f6-771x1024.jpg\" style=\"object-position:31% 4%\" data-object-fit=\"cover\" data-object-position=\"31% 4%\" srcset=\"https:\/\/elily.com.pl\/wp-content\/uploads\/2025\/08\/ad2te2f6-771x1024.jpg 771w, https:\/\/elily.com.pl\/wp-content\/uploads\/2025\/08\/ad2te2f6-226x300.jpg 226w, https:\/\/elily.com.pl\/wp-content\/uploads\/2025\/08\/ad2te2f6-768x1020.jpg 768w, https:\/\/elily.com.pl\/wp-content\/uploads\/2025\/08\/ad2te2f6-1157x1536.jpg 1157w, https:\/\/elily.com.pl\/wp-content\/uploads\/2025\/08\/ad2te2f6-1320x1753.jpg 1320w, https:\/\/elily.com.pl\/wp-content\/uploads\/2025\/08\/ad2te2f6-600x797.jpg 600w, https:\/\/elily.com.pl\/wp-content\/uploads\/2025\/08\/ad2te2f6.jpg 1536w\" sizes=\"(max-width: 771px) 100vw, 771px\" \/><span aria-hidden=\"true\" class=\"wp-block-cover__background has-background-dim-0 has-background-dim\" style=\"background-color:#f8edda\"><\/span><div class=\"wp-block-cover__inner-container is-layout-constrained wp-container-core-cover-is-layout-f1253992 wp-block-cover-is-layout-constrained\">\n<div class=\"wp-block-group has-background\" style=\"background-color:#ffffffe3\"><div class=\"wp-block-group__inner-container is-layout-constrained wp-block-group-is-layout-constrained\">\n<h5 class=\"wp-block-heading has-text-align-center has-black-color has-text-color has-link-color wp-elements-96cd1d680c3a2bddbe19d14f910db83a\">Sosna radosna<\/h5>\n\n\n\n<h5 class=\"wp-block-heading has-text-align-center has-black-color has-text-color has-link-color wp-elements-bfcef9ada3b139b9de712082cd5681cc\">100,00z\u0142<\/h5>\n<\/div><\/div>\n<\/div><\/div>\n<\/div>\n\n\n\n<div class=\"wp-block-column is-layout-flow wp-block-column-is-layout-flow\">\n<div class=\"wp-block-cover is-light has-custom-content-position is-position-bottom-center\" style=\"border-top-left-radius:16px;border-top-right-radius:16px;margin-top:0;margin-bottom:0;padding-top:0;padding-right:0;padding-bottom:0;padding-left:0;min-height:320px;aspect-ratio:unset;\"><img loading=\"lazy\" decoding=\"async\" width=\"771\" height=\"1024\" class=\"wp-block-cover__image-background wp-image-161 size-large\" alt=\"\" src=\"https:\/\/elily.com.pl\/wp-content\/uploads\/2025\/08\/UQVc7mGN-771x1024.jpg\" style=\"object-position:50% 12%\" data-object-fit=\"cover\" data-object-position=\"50% 12%\" srcset=\"https:\/\/elily.com.pl\/wp-content\/uploads\/2025\/08\/UQVc7mGN-771x1024.jpg 771w, https:\/\/elily.com.pl\/wp-content\/uploads\/2025\/08\/UQVc7mGN-226x300.jpg 226w, https:\/\/elily.com.pl\/wp-content\/uploads\/2025\/08\/UQVc7mGN-768x1020.jpg 768w, https:\/\/elily.com.pl\/wp-content\/uploads\/2025\/08\/UQVc7mGN-1157x1536.jpg 1157w, https:\/\/elily.com.pl\/wp-content\/uploads\/2025\/08\/UQVc7mGN-1320x1753.jpg 1320w, https:\/\/elily.com.pl\/wp-content\/uploads\/2025\/08\/UQVc7mGN-600x797.jpg 600w, https:\/\/elily.com.pl\/wp-content\/uploads\/2025\/08\/UQVc7mGN.jpg 1536w\" sizes=\"(max-width: 771px) 100vw, 771px\" \/><span aria-hidden=\"true\" class=\"wp-block-cover__background has-background-dim-0 has-background-dim\" style=\"background-color:#f8edda\"><\/span><div class=\"wp-block-cover__inner-container is-layout-constrained wp-container-core-cover-is-layout-f1253992 wp-block-cover-is-layout-constrained\">\n<div class=\"wp-block-group has-background\" style=\"background-color:#ffffffe3\"><div class=\"wp-block-group__inner-container is-layout-constrained wp-block-group-is-layout-constrained\">\n<h5 class=\"wp-block-heading has-text-align-center has-black-color has-text-color has-link-color wp-elements-bfbede99497c73baef7a51f8b3fd26e9\">Sosna nieradosna<\/h5>\n\n\n\n<h5 class=\"wp-block-heading has-text-align-center has-black-color has-text-color has-link-color wp-elements-84c3133e3a935f06c52246233470f057\">120,00z\u0142<\/h5>\n<\/div><\/div>\n<\/div><\/div>\n<\/div>\n<\/div>\n<\/div><\/div>\n\n\n\n<p><\/p>\n","protected":false},"excerpt":{"rendered":"<p>Fajnie! Cieszymy si\u0119, \u017ce zawita\u0142e\u015b na Nasz\u0105 stron\u0119! Spokojnie popatrz, poklikaj, zapoznaj si\u0119. Mo\u017ce co\u015b przypadnie Ci do gustu? Przyk\u0142ady oferty naszych drzewek Poni\u017cej mo\u017cesz zobaczy\u0107 realne przyk\u0142ady drzewek jakie mamy w swojej ofercie!<\/p>\n","protected":false},"author":1,"featured_media":0,"parent":0,"menu_order":0,"comment_status":"closed","ping_status":"closed","template":"page-templates\/homepage.php","meta":{"footnotes":""},"class_list":["post-24","page","type-page","status-publish","hentry"],"jetpack_sharing_enabled":true,"_links":{"self":[{"href":"https:\/\/elily.com.pl\/index.php\/wp-json\/wp\/v2\/pages\/24","targetHints":{"allow":["GET"]}}],"collection":[{"href":"https:\/\/elily.com.pl\/index.php\/wp-json\/wp\/v2\/pages"}],"about":[{"href":"https:\/\/elily.com.pl\/index.php\/wp-json\/wp\/v2\/types\/page"}],"author":[{"embeddable":true,"href":"https:\/\/elily.com.pl\/index.php\/wp-json\/wp\/v2\/users\/1"}],"replies":[{"embeddable":true,"href":"https:\/\/elily.com.pl\/index.php\/wp-json\/wp\/v2\/comments?post=24"}],"version-history":[{"count":27,"href":"https:\/\/elily.com.pl\/index.php\/wp-json\/wp\/v2\/pages\/24\/revisions"}],"predecessor-version":[{"id":224,"href":"https:\/\/elily.com.pl\/index.php\/wp-json\/wp\/v2\/pages\/24\/revisions\/224"}],"wp:attachment":[{"href":"https:\/\/elily.com.pl\/index.php\/wp-json\/wp\/v2\/media?parent=24"}],"curies":[{"name":"wp","href":"https:\/\/api.w.org\/{rel}","templated":true}]}}